{"id":156,"date":"2018-04-28T16:13:46","date_gmt":"2018-04-28T14:13:46","guid":{"rendered":"https:\/\/johanna-neuburger.de\/de\/?post_type=portfolio&#038;p=156"},"modified":"2019-07-12T16:56:26","modified_gmt":"2019-07-12T14:56:26","slug":"marc-chagall-die-bilder-und-die-dichtung","status":"publish","type":"portfolio","link":"https:\/\/johanna-neuburger.de\/de\/portfolio\/marc-chagall-die-bilder-und-die-dichtung\/","title":{"rendered":"Marc Chagall. Die Bilder und die Dichtung"},"content":{"rendered":"\n<p>Wer Chagalls farbintensives Werk kennt, erwartet vermutlich einen Ausstellungskatalog, der ebenso farbenfroh anmutet. Wir entschieden uns aber f\u00fcr einen zur\u00fcckhaltenden Einband, der dem K\u00fcnstler noch nichts vorweg nimmt. Das Buch beinhaltet Chagalls originalgraphischen Zyklen, die in der gleichnamigen Ausstellung gezeigt und durch ein umfangreiches Vermittlungsprogramm zug\u00e4nglich gemacht wurden. Ein Farbleitsystem f\u00fchrt durch die Kapitel und sorgt f\u00fcr \u00dcberblick. Das Vorsatzpapier wurde im typischen Chagall-Blau bedruckt, das griffige Papier unterstreicht mit seiner angenehmen Haptik die Poesie der Bilder. <\/p>\n","protected":false},"excerpt":{"rendered":"<p>Wer Chagalls farbintensives Werk kennt, erwartet vermutlich einen Ausstellungskatalog, der ebenso farbenfroh anmutet. Wir entschieden uns aber f\u00fcr einen zur\u00fcckhaltenden Einband, der dem K\u00fcnstler noch nichts vorweg nimmt. Das Buch beinhaltet Chagalls originalgraphischen Zyklen, die in der gleichnamigen Ausstellung gezeigt und durch ein umfangreiches Vermittlungsprogramm zug\u00e4nglich gemacht wurden. Ein Farbleitsystem<\/p>\n<div class=\"post-button\">\n\t\t\t   <a href=\"https:\/\/johanna-neuburger.de\/de\/portfolio\/marc-chagall-die-bilder-und-die-dichtung\/\">Read More<\/a>\n\t\t\t<\/div>\n","protected":false},"author":1,"featured_media":162,"menu_order":0,"comment_status":"closed","ping_status":"closed","template":"","format":"standard","meta":{"_vp_format_video_url":"","_vp_image_focal_point":[]},"portfolio_category":[3],"portfolio_tag":[],"_links":{"self":[{"href":"https:\/\/johanna-neuburger.de\/de\/wp-json\/wp\/v2\/portfolio\/156"}],"collection":[{"href":"https:\/\/johanna-neuburger.de\/de\/wp-json\/wp\/v2\/portfolio"}],"about":[{"href":"https:\/\/johanna-neuburger.de\/de\/wp-json\/wp\/v2\/types\/portfolio"}],"author":[{"embeddable":true,"href":"https:\/\/johanna-neuburger.de\/de\/wp-json\/wp\/v2\/users\/1"}],"replies":[{"embeddable":true,"href":"https:\/\/johanna-neuburger.de\/de\/wp-json\/wp\/v2\/comments?post=156"}],"version-history":[{"count":5,"href":"https:\/\/johanna-neuburger.de\/de\/wp-json\/wp\/v2\/portfolio\/156\/revisions"}],"predecessor-version":[{"id":493,"href":"https:\/\/johanna-neuburger.de\/de\/wp-json\/wp\/v2\/portfolio\/156\/revisions\/493"}],"wp:featuredmedia":[{"embeddable":true,"href":"https:\/\/johanna-neuburger.de\/de\/wp-json\/wp\/v2\/media\/162"}],"wp:attachment":[{"href":"https:\/\/johanna-neuburger.de\/de\/wp-json\/wp\/v2\/media?parent=156"}],"wp:term":[{"taxonomy":"portfolio_category","embeddable":true,"href":"https:\/\/johanna-neuburger.de\/de\/wp-json\/wp\/v2\/portfolio_category?post=156"},{"taxonomy":"portfolio_tag","embeddable":true,"href":"https:\/\/johanna-neuburger.de\/de\/wp-json\/wp\/v2\/portfolio_tag?post=156"}],"curies":[{"name":"wp","href":"https:\/\/api.w.org\/{rel}","templated":true}]}}

<p>Wer Chagalls farbintensives Werk kennt, erwartet vermutlich einen Ausstellungskatalog, der ebenso farbenfroh anmutet. Wir entschieden uns aber für einen zurückhaltenden Einband, der dem Künstler noch nichts vorweg nimmt. Das Buch beinhaltet Chagalls originalgraphischen Zyklen, die in der gleichnamigen Ausstellung gezeigt und durch ein umfangreiches Vermittlungsprogramm zugänglich gemacht wurden. Ein Farbleitsystem führt durch die Kapitel und sorgt für Überblick. Das Vorsatzpapier wurde im typischen Chagall-Blau bedruckt, das griffige Papier unterstreicht mit seiner angenehmen Haptik die Poesie der Bilder. </p>

<p>Wer Chagalls farbintensives Werk kennt, erwartet vermutlich einen Ausstellungskatalog, der ebenso farbenfroh anmutet. Wir entschieden uns aber für einen zurückhaltenden Einband, der dem Künstler noch nichts vorweg nimmt. Das Buch beinhaltet Chagalls originalgraphischen Zyklen, die in der gleichnamigen Ausstellung gezeigt und durch ein umfangreiches Vermittlungsprogramm zugänglich gemacht wurden. Ein Farbleitsystem</p>
<div class="post-button">
			   <a href="https://johanna-neuburger.de/de/portfolio/marc-chagall-die-bilder-und-die-dichtung/">Read More</a>
			</div>
