{"id":287,"date":"2018-06-10T14:51:32","date_gmt":"2018-06-10T12:51:32","guid":{"rendered":"https:\/\/johanna-neuburger.de\/de\/?post_type=portfolio&#038;p=287"},"modified":"2019-06-30T18:17:45","modified_gmt":"2019-06-30T16:17:45","slug":"pablo-picasso-und-die-literatur","status":"publish","type":"portfolio","link":"https:\/\/johanna-neuburger.de\/de\/portfolio\/pablo-picasso-und-die-literatur\/","title":{"rendered":"Pablo Picasso und die Literatur"},"content":{"rendered":"\n<p>\u00c4hnlich poetisch wie die Werkschau \u201ePablo Picasso und die Literatur\u201c in der Kunsthalle G\u00f6ppingen, die eine wenig bekannte Facette des K\u00fcnstlers zeigte, gibt sich die Gestaltung des 160 Seiten dicken Kataloges. Das Buch, innen luftig und leicht gestaltet, erinnert von au\u00dfen betrachtet an ein literarisches Druckwerk.<\/p>\n\n\n\n<p>Den Umschlag definiert hochwertiges Baumwollgewebe von Peyer, das mit seiner angenehm weichen Haptik und dezent changierenden Optik wunderbar mit den grafischen Arbeiten von Pablo Picasso harmoniert. Das Cover wurde im Offsetdruck 2-farbig bedruckt, der Inhalt sogar mit einer zus\u00e4tzlichen Sonderfarbe 5-farbig, inspiriert von den puristischen, \u00e4u\u00dferst zur\u00fcckgenommenen grauen Ausstellungsw\u00e4nden.<\/p>\n\n\n\n<p>So lebendig wie die Buchillustrationen, die Picasso \u00fcber viele Jahre hinweg mithilfe unterschiedlicher Techniken umgesetzt hat, sind auch die Zitate dieses \u201eJahrhundertk\u00fcnstlers\u201c, die seine intensive Auseinandersetzung mit allen Aspekten des Schaffens eindrucksvoll veranschaulichen \u2013 einige davon finden sich im Buch wieder. Begleitet und unterst\u00fctzt wurden die Prozesse dieses umfangreichen Katalogs von den strengen Augen der Succession Picasso.<\/p>\n","protected":false},"excerpt":{"rendered":"<p>\u00c4hnlich poetisch wie die Werkschau \u201ePablo Picasso und die Literatur\u201c in der Kunsthalle G\u00f6ppingen, die eine wenig bekannte Facette des K\u00fcnstlers zeigte, gibt sich die Gestaltung des 160 Seiten dicken Kataloges. Das Buch, innen luftig und leicht gestaltet, erinnert von au\u00dfen betrachtet an ein literarisches Druckwerk. Den Umschlag definiert hochwertiges<\/p>\n<div class=\"post-button\">\n\t\t\t   <a href=\"https:\/\/johanna-neuburger.de\/de\/portfolio\/pablo-picasso-und-die-literatur\/\">Read More<\/a>\n\t\t\t<\/div>\n","protected":false},"author":1,"featured_media":292,"menu_order":0,"comment_status":"closed","ping_status":"closed","template":"","format":"standard","meta":{"_vp_format_video_url":"","_vp_image_focal_point":[]},"portfolio_category":[3],"portfolio_tag":[],"_links":{"self":[{"href":"https:\/\/johanna-neuburger.de\/de\/wp-json\/wp\/v2\/portfolio\/287"}],"collection":[{"href":"https:\/\/johanna-neuburger.de\/de\/wp-json\/wp\/v2\/portfolio"}],"about":[{"href":"https:\/\/johanna-neuburger.de\/de\/wp-json\/wp\/v2\/types\/portfolio"}],"author":[{"embeddable":true,"href":"https:\/\/johanna-neuburger.de\/de\/wp-json\/wp\/v2\/users\/1"}],"replies":[{"embeddable":true,"href":"https:\/\/johanna-neuburger.de\/de\/wp-json\/wp\/v2\/comments?post=287"}],"version-history":[{"count":3,"href":"https:\/\/johanna-neuburger.de\/de\/wp-json\/wp\/v2\/portfolio\/287\/revisions"}],"predecessor-version":[{"id":293,"href":"https:\/\/johanna-neuburger.de\/de\/wp-json\/wp\/v2\/portfolio\/287\/revisions\/293"}],"wp:featuredmedia":[{"embeddable":true,"href":"https:\/\/johanna-neuburger.de\/de\/wp-json\/wp\/v2\/media\/292"}],"wp:attachment":[{"href":"https:\/\/johanna-neuburger.de\/de\/wp-json\/wp\/v2\/media?parent=287"}],"wp:term":[{"taxonomy":"portfolio_category","embeddable":true,"href":"https:\/\/johanna-neuburger.de\/de\/wp-json\/wp\/v2\/portfolio_category?post=287"},{"taxonomy":"portfolio_tag","embeddable":true,"href":"https:\/\/johanna-neuburger.de\/de\/wp-json\/wp\/v2\/portfolio_tag?post=287"}],"curies":[{"name":"wp","href":"https:\/\/api.w.org\/{rel}","templated":true}]}}

<p>Ähnlich poetisch wie die Werkschau „Pablo Picasso und die Literatur“ in der Kunsthalle Göppingen, die eine wenig bekannte Facette des Künstlers zeigte, gibt sich die Gestaltung des 160 Seiten dicken Kataloges. Das Buch, innen luftig und leicht gestaltet, erinnert von außen betrachtet an ein literarisches Druckwerk.</p>



<p>Den Umschlag definiert hochwertiges Baumwollgewebe von Peyer, das mit seiner angenehm weichen Haptik und dezent changierenden Optik wunderbar mit den grafischen Arbeiten von Pablo Picasso harmoniert. Das Cover wurde im Offsetdruck 2-farbig bedruckt, der Inhalt sogar mit einer zusätzlichen Sonderfarbe 5-farbig, inspiriert von den puristischen, äußerst zurückgenommenen grauen Ausstellungswänden.</p>



<p>So lebendig wie die Buchillustrationen, die Picasso über viele Jahre hinweg mithilfe unterschiedlicher Techniken umgesetzt hat, sind auch die Zitate dieses „Jahrhundertkünstlers“, die seine intensive Auseinandersetzung mit allen Aspekten des Schaffens eindrucksvoll veranschaulichen – einige davon finden sich im Buch wieder. Begleitet und unterstützt wurden die Prozesse dieses umfangreichen Katalogs von den strengen Augen der Succession Picasso.</p>

<p>Ähnlich poetisch wie die Werkschau „Pablo Picasso und die Literatur“ in der Kunsthalle Göppingen, die eine wenig bekannte Facette des Künstlers zeigte, gibt sich die Gestaltung des 160 Seiten dicken Kataloges. Das Buch, innen luftig und leicht gestaltet, erinnert von außen betrachtet an ein literarisches Druckwerk. Den Umschlag definiert hochwertiges</p>
<div class="post-button">
			   <a href="https://johanna-neuburger.de/de/portfolio/pablo-picasso-und-die-literatur/">Read More</a>
			</div>
