{"id":294,"date":"2018-06-10T17:13:39","date_gmt":"2018-06-10T15:13:39","guid":{"rendered":"https:\/\/johanna-neuburger.de\/de\/?post_type=portfolio&#038;p=294"},"modified":"2019-12-05T17:32:17","modified_gmt":"2019-12-05T16:32:17","slug":"martina-geist-naturnah","status":"publish","type":"portfolio","link":"https:\/\/johanna-neuburger.de\/de\/portfolio\/martina-geist-naturnah\/","title":{"rendered":"Martina Geist \u2013 Naturnah"},"content":{"rendered":"\n<p>Dieser Katalog entstand begleitend zur Ausstellung \u201eNaturnah\u201c. <span style=\"text-decoration: underline;\"><a href=\"http:\/\/martina-geist.de\/\">Martina Geist<\/a><\/span> zeigte in der Werkstatthalle der Kunststiftung Erich Hauser in Rottweil eine Fahneninstallation, deren Bezugssystem die Natur ist. Durch die Transparenz der Textur des Fahnenmaterials, auf das die K\u00fcnstlerin Fr\u00fcchte, Bl\u00e4tter, Zweige und Ranken gemalt und appliziert hat, sind die Motive sowohl von der Vorder-, als auch von der R\u00fcckseite her sichtbar. Diese doppelseitige Eigenschaft wurde auf die Umschlagseite des Kataloges \u00fcbertragen. Die Au\u00dfenseite des Umschlags zeigt das Detail einer Abbildung der Vorderseite einer Fahne, w\u00e4hrend die Innenseite das entsprechende Detail der Fahnenr\u00fcckseite abbildet.<\/p>\n\n\n\n<p>Das Katalogformat orientiert sich ebenfalls an dem der Fahnen: ein schmales Hochformat. Die Typografie wurde minimalisiert um der Kraft dieser ausdrucksstarken Naturdarstellungen Raum zu geben.<\/p>\n\n\n\n<p>Martina Geist (geb. 1961 in Stuttgart) studierte an der Staatlichen Akademie der Bildenden K\u00fcnste Stuttgart, an der Universit\u00e4t Stuttgart und an der Universit\u00e4t f\u00fcr angewandte Kunst Wien. Sie lebt und arbeitet in Stuttgart. Neben den Fahnen wurden in der Ausstellung \u201eNaturnah\u201c auch gro\u00dfformatige Holztafeln und Holzschnitte ausgestellt, die ebenfalls im Katalog abgebildet sind.<\/p>\n","protected":false},"excerpt":{"rendered":"<p>Dieser Katalog entstand begleitend zur Ausstellung \u201eNaturnah\u201c. Martina Geist zeigte in der Werkstatthalle der Kunststiftung Erich Hauser in Rottweil eine Fahneninstallation, deren Bezugssystem die Natur ist. Durch die Transparenz der Textur des Fahnenmaterials, auf das die K\u00fcnstlerin Fr\u00fcchte, Bl\u00e4tter, Zweige und Ranken gemalt und appliziert hat, sind die Motive sowohl<\/p>\n<div class=\"post-button\">\n\t\t\t   <a href=\"https:\/\/johanna-neuburger.de\/de\/portfolio\/martina-geist-naturnah\/\">Read More<\/a>\n\t\t\t<\/div>\n","protected":false},"author":1,"featured_media":299,"menu_order":0,"comment_status":"closed","ping_status":"closed","template":"","format":"standard","meta":{"_vp_format_video_url":"","_vp_image_focal_point":[]},"portfolio_category":[4],"portfolio_tag":[],"_links":{"self":[{"href":"https:\/\/johanna-neuburger.de\/de\/wp-json\/wp\/v2\/portfolio\/294"}],"collection":[{"href":"https:\/\/johanna-neuburger.de\/de\/wp-json\/wp\/v2\/portfolio"}],"about":[{"href":"https:\/\/johanna-neuburger.de\/de\/wp-json\/wp\/v2\/types\/portfolio"}],"author":[{"embeddable":true,"href":"https:\/\/johanna-neuburger.de\/de\/wp-json\/wp\/v2\/users\/1"}],"replies":[{"embeddable":true,"href":"https:\/\/johanna-neuburger.de\/de\/wp-json\/wp\/v2\/comments?post=294"}],"version-history":[{"count":6,"href":"https:\/\/johanna-neuburger.de\/de\/wp-json\/wp\/v2\/portfolio\/294\/revisions"}],"predecessor-version":[{"id":648,"href":"https:\/\/johanna-neuburger.de\/de\/wp-json\/wp\/v2\/portfolio\/294\/revisions\/648"}],"wp:featuredmedia":[{"embeddable":true,"href":"https:\/\/johanna-neuburger.de\/de\/wp-json\/wp\/v2\/media\/299"}],"wp:attachment":[{"href":"https:\/\/johanna-neuburger.de\/de\/wp-json\/wp\/v2\/media?parent=294"}],"wp:term":[{"taxonomy":"portfolio_category","embeddable":true,"href":"https:\/\/johanna-neuburger.de\/de\/wp-json\/wp\/v2\/portfolio_category?post=294"},{"taxonomy":"portfolio_tag","embeddable":true,"href":"https:\/\/johanna-neuburger.de\/de\/wp-json\/wp\/v2\/portfolio_tag?post=294"}],"curies":[{"name":"wp","href":"https:\/\/api.w.org\/{rel}","templated":true}]}}

<p>Dieser Katalog entstand begleitend zur Ausstellung „Naturnah“. <span style="text-decoration: underline;"><a href="http://martina-geist.de/">Martina Geist</a></span> zeigte in der Werkstatthalle der Kunststiftung Erich Hauser in Rottweil eine Fahneninstallation, deren Bezugssystem die Natur ist. Durch die Transparenz der Textur des Fahnenmaterials, auf das die Künstlerin Früchte, Blätter, Zweige und Ranken gemalt und appliziert hat, sind die Motive sowohl von der Vorder-, als auch von der Rückseite her sichtbar. Diese doppelseitige Eigenschaft wurde auf die Umschlagseite des Kataloges übertragen. Die Außenseite des Umschlags zeigt das Detail einer Abbildung der Vorderseite einer Fahne, während die Innenseite das entsprechende Detail der Fahnenrückseite abbildet.</p>



<p>Das Katalogformat orientiert sich ebenfalls an dem der Fahnen: ein schmales Hochformat. Die Typografie wurde minimalisiert um der Kraft dieser ausdrucksstarken Naturdarstellungen Raum zu geben.</p>



<p>Martina Geist (geb. 1961 in Stuttgart) studierte an der Staatlichen Akademie der Bildenden Künste Stuttgart, an der Universität Stuttgart und an der Universität für angewandte Kunst Wien. Sie lebt und arbeitet in Stuttgart. Neben den Fahnen wurden in der Ausstellung „Naturnah“ auch großformatige Holztafeln und Holzschnitte ausgestellt, die ebenfalls im Katalog abgebildet sind.</p>

<p>Dieser Katalog entstand begleitend zur Ausstellung „Naturnah“. Martina Geist zeigte in der Werkstatthalle der Kunststiftung Erich Hauser in Rottweil eine Fahneninstallation, deren Bezugssystem die Natur ist. Durch die Transparenz der Textur des Fahnenmaterials, auf das die Künstlerin Früchte, Blätter, Zweige und Ranken gemalt und appliziert hat, sind die Motive sowohl</p>
<div class="post-button">
			   <a href="https://johanna-neuburger.de/de/portfolio/martina-geist-naturnah/">Read More</a>
			</div>
