{"id":538,"date":"2019-09-13T15:40:21","date_gmt":"2019-09-13T13:40:21","guid":{"rendered":"https:\/\/johanna-neuburger.de\/de\/?post_type=portfolio&#038;p=538"},"modified":"2019-12-05T17:18:04","modified_gmt":"2019-12-05T16:18:04","slug":"dieter-schumacher-malerei-1989-2019","status":"publish","type":"portfolio","link":"https:\/\/johanna-neuburger.de\/de\/portfolio\/dieter-schumacher-malerei-1989-2019\/","title":{"rendered":"Dieter Schumacher. Malerei 1989\u20132019"},"content":{"rendered":"\n<p>Der G\u00f6ppinger K\u00fcnstler <a href=\"http:\/\/dieter-schumacher.de\/\"><span style=\"text-decoration: underline;\">Dieter Schumacher<\/span><\/a> feiert 2019 seinen 80. Geburtstag. Anl\u00e4sslich dieses Jubil\u00e4ums zeigen vier Ausstellungsorte in und bei G\u00f6ppingen einige seiner Werke und Bilderzyklen. Die Kunsthalle G\u00f6ppingen gibt dazu einen Katalog heraus, den ich gestalten durfte.<\/p>\n\n\n\n<p>Die Arbeiten des in&nbsp;G\u00f6ppingen&nbsp;wirkenden K\u00fcnstlers lassen sich thematisch in Werkgruppen einteilen. In diesen Bilderreihen setzt sich Schumacher jeweils mit einem Thema auseinander, das ihn \u00fcber einen l\u00e4ngeren Zeitraum besch\u00e4ftigt und begleitet. Wie z.B. Dantes Inferno, das im Zyklus \u201eTotentanz\u201c aufgearbeitet wird.&nbsp;Dementsprechend \u00fcbersichtlich gliedert sich das Buch durch farbige Kapitel-Reiter. Den Einband bildet eine Klappenbroschur, die als Lesezeichen verwendet werden kann. <\/p>\n","protected":false},"excerpt":{"rendered":"<p>Der G\u00f6ppinger K\u00fcnstler Dieter Schumacher feiert 2019 seinen 80. Geburtstag. Anl\u00e4sslich dieses Jubil\u00e4ums zeigen vier Ausstellungsorte in und bei G\u00f6ppingen einige seiner Werke und Bilderzyklen. Die Kunsthalle G\u00f6ppingen gibt dazu einen Katalog heraus, den ich gestalten durfte. Die Arbeiten des in&nbsp;G\u00f6ppingen&nbsp;wirkenden K\u00fcnstlers lassen sich thematisch in Werkgruppen einteilen. In diesen<\/p>\n<div class=\"post-button\">\n\t\t\t   <a href=\"https:\/\/johanna-neuburger.de\/de\/portfolio\/dieter-schumacher-malerei-1989-2019\/\">Read More<\/a>\n\t\t\t<\/div>\n","protected":false},"author":1,"featured_media":561,"menu_order":0,"comment_status":"closed","ping_status":"closed","template":"","format":"standard","meta":{"_vp_format_video_url":"","_vp_image_focal_point":[]},"portfolio_category":[4],"portfolio_tag":[],"_links":{"self":[{"href":"https:\/\/johanna-neuburger.de\/de\/wp-json\/wp\/v2\/portfolio\/538"}],"collection":[{"href":"https:\/\/johanna-neuburger.de\/de\/wp-json\/wp\/v2\/portfolio"}],"about":[{"href":"https:\/\/johanna-neuburger.de\/de\/wp-json\/wp\/v2\/types\/portfolio"}],"author":[{"embeddable":true,"href":"https:\/\/johanna-neuburger.de\/de\/wp-json\/wp\/v2\/users\/1"}],"replies":[{"embeddable":true,"href":"https:\/\/johanna-neuburger.de\/de\/wp-json\/wp\/v2\/comments?post=538"}],"version-history":[{"count":16,"href":"https:\/\/johanna-neuburger.de\/de\/wp-json\/wp\/v2\/portfolio\/538\/revisions"}],"predecessor-version":[{"id":643,"href":"https:\/\/johanna-neuburger.de\/de\/wp-json\/wp\/v2\/portfolio\/538\/revisions\/643"}],"wp:featuredmedia":[{"embeddable":true,"href":"https:\/\/johanna-neuburger.de\/de\/wp-json\/wp\/v2\/media\/561"}],"wp:attachment":[{"href":"https:\/\/johanna-neuburger.de\/de\/wp-json\/wp\/v2\/media?parent=538"}],"wp:term":[{"taxonomy":"portfolio_category","embeddable":true,"href":"https:\/\/johanna-neuburger.de\/de\/wp-json\/wp\/v2\/portfolio_category?post=538"},{"taxonomy":"portfolio_tag","embeddable":true,"href":"https:\/\/johanna-neuburger.de\/de\/wp-json\/wp\/v2\/portfolio_tag?post=538"}],"curies":[{"name":"wp","href":"https:\/\/api.w.org\/{rel}","templated":true}]}}

<p>Der Göppinger Künstler <a href="http://dieter-schumacher.de/"><span style="text-decoration: underline;">Dieter Schumacher</span></a> feiert 2019 seinen 80. Geburtstag. Anlässlich dieses Jubiläums zeigen vier Ausstellungsorte in und bei Göppingen einige seiner Werke und Bilderzyklen. Die Kunsthalle Göppingen gibt dazu einen Katalog heraus, den ich gestalten durfte.</p>



<p>Die Arbeiten des in&nbsp;Göppingen&nbsp;wirkenden Künstlers lassen sich thematisch in Werkgruppen einteilen. In diesen Bilderreihen setzt sich Schumacher jeweils mit einem Thema auseinander, das ihn über einen längeren Zeitraum beschäftigt und begleitet. Wie z.B. Dantes Inferno, das im Zyklus „Totentanz“ aufgearbeitet wird.&nbsp;Dementsprechend übersichtlich gliedert sich das Buch durch farbige Kapitel-Reiter. Den Einband bildet eine Klappenbroschur, die als Lesezeichen verwendet werden kann. </p>

<p>Der Göppinger Künstler Dieter Schumacher feiert 2019 seinen 80. Geburtstag. Anlässlich dieses Jubiläums zeigen vier Ausstellungsorte in und bei Göppingen einige seiner Werke und Bilderzyklen. Die Kunsthalle Göppingen gibt dazu einen Katalog heraus, den ich gestalten durfte. Die Arbeiten des in&nbsp;Göppingen&nbsp;wirkenden Künstlers lassen sich thematisch in Werkgruppen einteilen. In diesen</p>
<div class="post-button">
			   <a href="https://johanna-neuburger.de/de/portfolio/dieter-schumacher-malerei-1989-2019/">Read More</a>
			</div>
