{"id":586,"date":"2019-12-05T16:38:58","date_gmt":"2019-12-05T15:38:58","guid":{"rendered":"https:\/\/johanna-neuburger.de\/de\/?post_type=portfolio&#038;p=586"},"modified":"2019-12-06T13:15:36","modified_gmt":"2019-12-06T12:15:36","slug":"40-jahre-kunstbeirat-staedtische-galerie-im-kornhaus","status":"publish","type":"portfolio","link":"https:\/\/johanna-neuburger.de\/de\/portfolio\/40-jahre-kunstbeirat-staedtische-galerie-im-kornhaus\/","title":{"rendered":"40 Jahre Kunstbeirat St\u00e4dtische Galerie im Kornhaus"},"content":{"rendered":"\n<p> Die  <span style=\"text-decoration: underline;\"><a href=\"http:\/\/www.staedtische-galerie-kirchheim-teck.de\/\">St\u00e4dtische Galerie im Kornhaus Kirchheim unter Teck<\/a><\/span> zeichnet sich seit  Jahrzehnten durch das rege Schaffen ihres Kunstbeirats aus, dem es  unz\u00e4hlige Male gelungen ist regional wie auch \u00fcberregional bekannte  K\u00fcnstler auszustellen. Und der dabei auch immer wieder spannende  Kontroversen ausgel\u00f6st hat. Im Jahr 2019 feierte der umtriebige  Kunstbeirat sein 40j\u00e4hriges Bestehen und gab anl\u00e4sslich dieses Jubil\u00e4ums  eine Brosch\u00fcre heraus, die in Wort und Bild einen Ein- und \u00dcberblick  \u00fcber die Mitglieder des Kunstbeirates, deren Arbeit, die K\u00fcnstler und  ihre Ausstellungen gibt.<\/p>\n\n\n\n<p>Das  Buch ist in vier gro\u00dfe Kapitel zu je einem Jahrzehnt unterteilt und  gibt in chronologischer Reihenfolge die Entwicklung der St\u00e4dtischen  Galerie im Kornhaus wieder. Die Farbe Gelb zieht sich in Anlehnung an  das Jubil\u00e4umslogo durch, kapitelweise in verschiedenen Farbabstufungen  und erleichtert so die Zuordnung zum jeweiligen Jahrzehnt. Die einfache  Grotesk Schrift spannt einen neutralen Bogen \u00fcber die vergangenen 40  Jahre. <\/p>\n\n\n\n<p>Ich w\u00fcnsche der St\u00e4dtischen Galerie im Kornhaus viel Erfolg f\u00fcr die n\u00e4chsten Jahrzehnte!<\/p>\n","protected":false},"excerpt":{"rendered":"<p>Die St\u00e4dtische Galerie im Kornhaus Kirchheim unter Teck zeichnet sich seit Jahrzehnten durch das rege Schaffen ihres Kunstbeirats aus, dem es unz\u00e4hlige Male gelungen ist regional wie auch \u00fcberregional bekannte K\u00fcnstler auszustellen. Und der dabei auch immer wieder spannende Kontroversen ausgel\u00f6st hat. Im Jahr 2019 feierte der umtriebige Kunstbeirat sein<\/p>\n<div class=\"post-button\">\n\t\t\t   <a href=\"https:\/\/johanna-neuburger.de\/de\/portfolio\/40-jahre-kunstbeirat-staedtische-galerie-im-kornhaus\/\">Read More<\/a>\n\t\t\t<\/div>\n","protected":false},"author":1,"featured_media":587,"menu_order":0,"comment_status":"closed","ping_status":"closed","template":"","format":"standard","meta":{"_vp_format_video_url":"","_vp_image_focal_point":[]},"portfolio_category":[4],"portfolio_tag":[],"_links":{"self":[{"href":"https:\/\/johanna-neuburger.de\/de\/wp-json\/wp\/v2\/portfolio\/586"}],"collection":[{"href":"https:\/\/johanna-neuburger.de\/de\/wp-json\/wp\/v2\/portfolio"}],"about":[{"href":"https:\/\/johanna-neuburger.de\/de\/wp-json\/wp\/v2\/types\/portfolio"}],"author":[{"embeddable":true,"href":"https:\/\/johanna-neuburger.de\/de\/wp-json\/wp\/v2\/users\/1"}],"replies":[{"embeddable":true,"href":"https:\/\/johanna-neuburger.de\/de\/wp-json\/wp\/v2\/comments?post=586"}],"version-history":[{"count":10,"href":"https:\/\/johanna-neuburger.de\/de\/wp-json\/wp\/v2\/portfolio\/586\/revisions"}],"predecessor-version":[{"id":652,"href":"https:\/\/johanna-neuburger.de\/de\/wp-json\/wp\/v2\/portfolio\/586\/revisions\/652"}],"wp:featuredmedia":[{"embeddable":true,"href":"https:\/\/johanna-neuburger.de\/de\/wp-json\/wp\/v2\/media\/587"}],"wp:attachment":[{"href":"https:\/\/johanna-neuburger.de\/de\/wp-json\/wp\/v2\/media?parent=586"}],"wp:term":[{"taxonomy":"portfolio_category","embeddable":true,"href":"https:\/\/johanna-neuburger.de\/de\/wp-json\/wp\/v2\/portfolio_category?post=586"},{"taxonomy":"portfolio_tag","embeddable":true,"href":"https:\/\/johanna-neuburger.de\/de\/wp-json\/wp\/v2\/portfolio_tag?post=586"}],"curies":[{"name":"wp","href":"https:\/\/api.w.org\/{rel}","templated":true}]}}

40 Jahre Kunstbeirat Städtische Galerie im Kornhaus

<p> Die  <span style="text-decoration: underline;"><a href="http://www.staedtische-galerie-kirchheim-teck.de/">Städtische Galerie im Kornhaus Kirchheim unter Teck</a></span> zeichnet sich seit  Jahrzehnten durch das rege Schaffen ihres Kunstbeirats aus, dem es  unzählige Male gelungen ist regional wie auch überregional bekannte  Künstler auszustellen. Und der dabei auch immer wieder spannende  Kontroversen ausgelöst hat. Im Jahr 2019 feierte der umtriebige  Kunstbeirat sein 40jähriges Bestehen und gab anlässlich dieses Jubiläums  eine Broschüre heraus, die in Wort und Bild einen Ein- und Überblick  über die Mitglieder des Kunstbeirates, deren Arbeit, die Künstler und  ihre Ausstellungen gibt.</p>



<p>Das  Buch ist in vier große Kapitel zu je einem Jahrzehnt unterteilt und  gibt in chronologischer Reihenfolge die Entwicklung der Städtischen  Galerie im Kornhaus wieder. Die Farbe Gelb zieht sich in Anlehnung an  das Jubiläumslogo durch, kapitelweise in verschiedenen Farbabstufungen  und erleichtert so die Zuordnung zum jeweiligen Jahrzehnt. Die einfache  Grotesk Schrift spannt einen neutralen Bogen über die vergangenen 40  Jahre. </p>



<p>Ich wünsche der Städtischen Galerie im Kornhaus viel Erfolg für die nächsten Jahrzehnte!</p>

<p>Die Städtische Galerie im Kornhaus Kirchheim unter Teck zeichnet sich seit Jahrzehnten durch das rege Schaffen ihres Kunstbeirats aus, dem es unzählige Male gelungen ist regional wie auch überregional bekannte Künstler auszustellen. Und der dabei auch immer wieder spannende Kontroversen ausgelöst hat. Im Jahr 2019 feierte der umtriebige Kunstbeirat sein</p>
<div class="post-button">
			   <a href="https://johanna-neuburger.de/de/portfolio/40-jahre-kunstbeirat-staedtische-galerie-im-kornhaus/">Read More</a>
			</div>
