{"id":659,"date":"2019-12-12T12:25:36","date_gmt":"2019-12-12T11:25:36","guid":{"rendered":"https:\/\/johanna-neuburger.de\/de\/?post_type=portfolio&#038;p=659"},"modified":"2020-03-26T17:44:27","modified_gmt":"2020-03-26T16:44:27","slug":"max-beckmann-gute-freunde","status":"publish","type":"portfolio","link":"https:\/\/johanna-neuburger.de\/de\/portfolio\/max-beckmann-gute-freunde\/","title":{"rendered":"Max Beckmann &#8211; Gute Freunde"},"content":{"rendered":"\n<h5 class=\"wp-block-heading\"><strong>Die Sammlung Classen<\/strong><\/h5>\n\n\n\n<p>Wer die Arbeiten von Max Beckmann (1884-1950) kennt, wird sich \u00fcber die Ausstellung im<a href=\"https:\/\/www.freiburg.de\/pb\/986862.html\"> <span style=\"text-decoration: underline;\">Augustinermuseum \u2013 Haus der Graphischen Sammlung<\/span><\/a> in Freiburg freuen, denn sie zeigt Grafiken, Mappenwerke und Buchillustrationen aus seiner Zeit in Frankfurt. Und da pulsiert es! Die Intensit\u00e4t der Bilder zieht die Besucher in ihren Bann. Wer zum ersten Mal mit Max Beckmann in Ber\u00fchrung kommt, wird unmittelbar hineingezogen in das einzigartige Schaffen dieses au\u00dfergew\u00f6hnlichen Chronisten seiner Zeit.<\/p>\n\n\n\n<p>Der Katalog, der anl\u00e4sslich zur Ausstellung entstand, spiegelt genau diese Intensit\u00e4t wieder. Schon am Cover begegnet einem der unmittelbare, analytische Blick des K\u00fcnstlers . Die Farbigkeit der Ausstellungsgestaltung, ein kr\u00e4ftiges Gelb und ein profundes Dunkelblau, wurden im Katalog aufgegriffen und unterstreichen die Themen Nachtleben, Variet\u00e9 und Jahrmarkt, die in der Ausstellung den Schwerpunkt bilden. Das Hardcover Buch zeichnet sich durch den gelben Buchr\u00fccken aus, der f\u00f6rmlich aus jedem B\u00fccherregal herausleuchtet und dazu einl\u00e4dt sich immer wieder aufs Neue mit Beckmann zu befassen.<\/p>\n","protected":false},"excerpt":{"rendered":"<p>Die Sammlung Classen Wer die Arbeiten von Max Beckmann (1884-1950) kennt, wird sich \u00fcber die Ausstellung im Augustinermuseum \u2013 Haus der Graphischen Sammlung in Freiburg freuen, denn sie zeigt Grafiken, Mappenwerke und Buchillustrationen aus seiner Zeit in Frankfurt. Und da pulsiert es! Die Intensit\u00e4t der Bilder zieht die Besucher in<\/p>\n<div class=\"post-button\">\n\t\t\t   <a href=\"https:\/\/johanna-neuburger.de\/de\/portfolio\/max-beckmann-gute-freunde\/\">Read More<\/a>\n\t\t\t<\/div>\n","protected":false},"author":1,"featured_media":653,"menu_order":0,"comment_status":"closed","ping_status":"closed","template":"","format":"standard","meta":{"_vp_format_video_url":"","_vp_image_focal_point":[]},"portfolio_category":[3],"portfolio_tag":[],"_links":{"self":[{"href":"https:\/\/johanna-neuburger.de\/de\/wp-json\/wp\/v2\/portfolio\/659"}],"collection":[{"href":"https:\/\/johanna-neuburger.de\/de\/wp-json\/wp\/v2\/portfolio"}],"about":[{"href":"https:\/\/johanna-neuburger.de\/de\/wp-json\/wp\/v2\/types\/portfolio"}],"author":[{"embeddable":true,"href":"https:\/\/johanna-neuburger.de\/de\/wp-json\/wp\/v2\/users\/1"}],"replies":[{"embeddable":true,"href":"https:\/\/johanna-neuburger.de\/de\/wp-json\/wp\/v2\/comments?post=659"}],"version-history":[{"count":10,"href":"https:\/\/johanna-neuburger.de\/de\/wp-json\/wp\/v2\/portfolio\/659\/revisions"}],"predecessor-version":[{"id":709,"href":"https:\/\/johanna-neuburger.de\/de\/wp-json\/wp\/v2\/portfolio\/659\/revisions\/709"}],"wp:featuredmedia":[{"embeddable":true,"href":"https:\/\/johanna-neuburger.de\/de\/wp-json\/wp\/v2\/media\/653"}],"wp:attachment":[{"href":"https:\/\/johanna-neuburger.de\/de\/wp-json\/wp\/v2\/media?parent=659"}],"wp:term":[{"taxonomy":"portfolio_category","embeddable":true,"href":"https:\/\/johanna-neuburger.de\/de\/wp-json\/wp\/v2\/portfolio_category?post=659"},{"taxonomy":"portfolio_tag","embeddable":true,"href":"https:\/\/johanna-neuburger.de\/de\/wp-json\/wp\/v2\/portfolio_tag?post=659"}],"curies":[{"name":"wp","href":"https:\/\/api.w.org\/{rel}","templated":true}]}}

<h5 class="wp-block-heading"><strong>Die Sammlung Classen</strong></h5>



<p>Wer die Arbeiten von Max Beckmann (1884-1950) kennt, wird sich über die Ausstellung im<a href="https://www.freiburg.de/pb/986862.html"> <span style="text-decoration: underline;">Augustinermuseum – Haus der Graphischen Sammlung</span></a> in Freiburg freuen, denn sie zeigt Grafiken, Mappenwerke und Buchillustrationen aus seiner Zeit in Frankfurt. Und da pulsiert es! Die Intensität der Bilder zieht die Besucher in ihren Bann. Wer zum ersten Mal mit Max Beckmann in Berührung kommt, wird unmittelbar hineingezogen in das einzigartige Schaffen dieses außergewöhnlichen Chronisten seiner Zeit.</p>



<p>Der Katalog, der anlässlich zur Ausstellung entstand, spiegelt genau diese Intensität wieder. Schon am Cover begegnet einem der unmittelbare, analytische Blick des Künstlers . Die Farbigkeit der Ausstellungsgestaltung, ein kräftiges Gelb und ein profundes Dunkelblau, wurden im Katalog aufgegriffen und unterstreichen die Themen Nachtleben, Varieté und Jahrmarkt, die in der Ausstellung den Schwerpunkt bilden. Das Hardcover Buch zeichnet sich durch den gelben Buchrücken aus, der förmlich aus jedem Bücherregal herausleuchtet und dazu einlädt sich immer wieder aufs Neue mit Beckmann zu befassen.</p>

<p>Die Sammlung Classen Wer die Arbeiten von Max Beckmann (1884-1950) kennt, wird sich über die Ausstellung im Augustinermuseum – Haus der Graphischen Sammlung in Freiburg freuen, denn sie zeigt Grafiken, Mappenwerke und Buchillustrationen aus seiner Zeit in Frankfurt. Und da pulsiert es! Die Intensität der Bilder zieht die Besucher in</p>
<div class="post-button">
			   <a href="https://johanna-neuburger.de/de/portfolio/max-beckmann-gute-freunde/">Read More</a>
			</div>
